11
What are the prime factors of 748?
2, 11, 17
What are the prime factors of 50763?
3, 16921
What are the prime factors of 21955?
5, 4391
List the prime factors of 9405.
3, 5, 11, 19
What are the prime factors of 30599?
37, 827
What are the prime factors of 2467?
2467
What are the prime factors of 64648?
2, 8081
List the prime factors of 9474.
2, 3, 1579
List the prime factors of 2305.
5, 461
What are the prime factors of 82348?
2, 7, 17, 173
What are the prime factors of 1231?
1231
List the prime factors of 29028.
2, 3, 41, 59
What are the prime factors of 2919?
3, 7, 139
List the prime factors of 50937.
3, 16979
What are the prime factors of 1819?
17, 107
What are the prime factors of 1099?
7, 157
What are the prime factors of 2600?
2, 5, 13
What are the prime factors of 6385?
5, 1277
What are the prime factors of 22039?
22039
What are the prime factors of 2731?
2731
What are the prime factors of 318?
2, 3, 53
List the prime factors of 1021.
1021
What are the prime factors of 20029?
20029
List the prime factors of 242.
2, 11
List the prime factors of 5129.
23, 223
List the prime factors of 366.
2, 3, 61
What are the prime factors of 2417?
2417
What are the prime factors of 105629?
53, 1993
List the prime factors of 775.
5, 31
What are the prime factors of 15164?
2, 17, 223
List the prime factors of 1305.
3, 5, 29
List the prime factors of 1876.
2, 7, 67
What are the prime factors of 1092?
2, 3, 7, 13
What are the prime factors of 12136?
2, 37, 41
List the prime factors of 137.
137
List the prime factors of 107897.
107897
What are the prime factors of 972?
2, 3
List the prime factors of 26416.
2, 13, 127
List the prime factors of 2163.
3, 7, 103
What are the prime factors of 7473?
3, 47, 53
List the prime factors of 4585.
5, 7, 131
List the prime factors of 944.
2, 59
What are the prime factors of 391?
17, 23
What are the prime factors of 41676?
2, 3, 23, 151
What are the prime factors of 90454?
2, 7, 13, 71
What are the prime factors of 9639?
3, 7, 17
What are the prime factors of 16973?
11, 1543
What are the prime factors of 104?
2, 13
List the prime factors of 2074.
2, 17, 61
List the prime factors of 2534.
2, 7, 181
What are the prime factors of 760?
2, 5, 19
What are the prime factors of 1905?
3, 5, 127
List the prime factors of 2301.
3, 13, 59
List the prime factors of 1214.
2, 607
List the prime factors of 83.
83
List the prime factors of 1609.
1609
What are the prime factors of 5448?
2, 3, 227
What are the prime factors of 6905?
5, 1381
List the prime factors of 5274.
2, 3, 293
List the prime factors of 1094.
2, 547
What are the prime factors of 25104?
2, 3, 523
List the prime factors of 41843.
41843
List the prime factors of 111485.
5, 11, 2027
What are the prime factors of 4470?
2, 3, 5, 149
What are the prime factors of 3083?
3083
What are the prime factors of 58135?
5, 7, 11, 151
List the prime factors of 3018.
2, 3, 503
List the prime factors of 9459.
3, 1051
List the prime factors of 63466.
2, 13, 2441
What are the prime factors of 2130?
2, 3, 5, 71
What are the prime factors of 154?
2, 7, 11
List the prime factors of 1557.
3, 173
List the prime factors of 6846.
2, 3, 7, 163
What are the prime factors of 1048?
2, 131
List the prime factors of 1987.
1987
What are the prime factors of 5474?
2, 7, 17, 23
What are the prime factors of 3568?
2, 223
List the prime factors of 13356.
2, 3, 7, 53
List the prime factors of 567.
3, 7
What are the prime factors of 4080?
2, 3, 5, 17
What are the prime factors of 3625?
5, 29
List the prime factors of 7612.
2, 11, 173
What are the prime factors of 109704?
2, 3, 7, 653
List the prime factors of 13044.
2, 3, 1087
List the prime factors of 61956.
2, 3, 1721
What are the prime factors of 609?
3, 7, 29
What are the prime factors of 7806?
2, 3, 1301
List the prime factors of 3956.
2, 23, 43
What are the prime factors of 23217?
3, 71, 109
List the prime factors of 13323.
3, 4441
List the prime factors of 164.
2, 41
What are the prime factors of 59?
59
What are the prime factors of 6361?
6361
List the prime factors of 734.
2, 367
What are the prime factors of 35198?
2, 17599
List the prime factors of 6683.
41, 163
List the prime factors of 2068.
2, 11, 47
What are the prime factors of 297?
3, 11
What are the prime factors of 64888?
2, 8111
What are the prime factors of 2081?
2081
What are the prime factors of 35157?
3, 11719
List the prime factors of 19808.
2, 619
List the prime factors of 57469.
101, 569
What are the prime factors of 170888?
2, 41, 521
What are the prime factors of 1359?
3, 151
What are the prime factors of 7250?
2, 5, 29
List the prime factors of 130068.
2, 3, 3613
What are the prime factors of 6179?
37, 167
List the prime factors of 69.
3, 23
What are the prime factors of 41745?
3, 5, 11, 23
What are the prime factors of 54154?
2, 27077
What are the prime factors of 1613?
1613
What are the prime factors of 153095?
5, 67, 457
What are the prime factors of 1742?
2, 13, 67
List the prime factors of 169552.
2, 10597
What are the prime factors of 1034?
2, 11, 47
What are the prime factors of 858?
2, 3, 11, 13
List the prime factors of 768.
2, 3
What are the prime factors of 58619?
11, 73
List the prime factors of 626.
2, 313
List the prime factors of 3987.
3, 443
List the prime factors of 67.
67
What are the prime factors of 12720?
2, 3, 5, 53
List the prime factors of 5787.
3, 643
List the prime factors of 2680.
2, 5, 67
What are the prime factors of 14?
2, 7
What are the prime factors of 20213?
17, 29, 41
List the prime factors of 1089.
3, 11
List the prime factors of 699.
3, 233
What are the prime factors of 1304?
2, 163
What are the prime factors of 30768?
2, 3, 641
What are the prime factors of 28183?
28183
What are the prime factors of 4659?
3, 1553
What are the prime factors of 638?
2, 11, 29
List the prime factors of 2809.
53
What are the prime factors of 60331?
60331
List the prime factors of 661.
661
List the prime factors of 1091.
1091
List the prime factors of 5603.
13, 431
What are the prime factors of 9318?
2, 3, 1553
What are the prime factors of 1171?
1171
What are the prime factors of 15980?
2, 5, 17, 47
List the prime factors of 10383.
3, 3461
List the prime factors of 17609.
17609
What are the prime factors of 4594?
2, 2297
List the prime factors of 12406.
2, 6203
List the prime factors of 2310.
2, 3, 5, 7, 11
List the prime factors of 1464.
2, 3, 61
List the prime factors of 2622.
2, 3, 19, 23
List the prime factors of 15.
3, 5
What are the prime factors of 1280?
2, 5
What are the prime factors of 3418?
2, 1709
What are the prime factors of 878?
2, 439
List the prime factors of 23920.
2, 5, 13, 23
What are the prime factors of 7569?
3, 29
What are the prime factors of 539?
7, 11
List the prime factors of 8912.
2, 557
What are the prime factors of 57457?
57457
What are the prime factors of 23516?
2, 5879
List the prime factors of 111349.
7, 15907
What are the prime factors of 101543?
13, 73, 107
What are the prime factors of 5952?
2, 3, 31
What are the prime factors of 1352?
2, 13
What are the prime factors of 3517?
3517
What are the prime factors of 8356?
2, 2089
What are the prime factors of 57585?
3, 5, 11, 349
What are the prime factors of 69499?
69499
What are the prime factors of 2312?
2, 17
List the prime factors of 2773.
47, 59
What are the prime factors of 1878?
2, 3, 313
List the prime factors of 17884.
2, 17, 263
What are the prime factors of 257?
257
What are the prime factors of 64076?
2, 83, 193
List the prime factors of 963.
3, 107
What are the prime factors of 811?
811
What are the prime factors of 4007?
4007
What are the prime factors of 1869?
3, 7, 89
What are the prime factors of 17340?
2, 3, 5, 17
List the prime factors of 21638.
2, 31, 349
What are the prime factors of 112732?
2, 28183
What are the prime factors of 10700?
2, 5, 107
List the prime factors of 38600.
2, 5, 193
List the prime factors of 11019.
3, 3673
List the prime factors of 140.
2, 5, 7
What are the prime factors of 1585?
5, 317
What are the prime factors of 3738?
2, 3, 7, 89
List the prime factors of 48677.
48677
List the prime factors of 28961.
28961
List the prime factors of 55213.
55213
List the prime factors of 45199.
7, 11, 587
What are the prime factors of 628?
2, 157
